e 12, what is -6a136 - 674?
-6a7aa
In base 11, what is -203 + 27941?
27739
In base 8, what is -714 + 7307213?
7306277
In base 6, what is 233 + -402435321?
-402435044
In base 2, what is -110010011100101100010 + -100?
-110010011100101100110
In base 4, what is -3113312330 + 1?
-3113312323
In base 11, what is 16 + -28637386?
-28637370
In base 5, what is -1023404 - 141210?
-1220114
In base 4, what is -2320 + -3030222221?
-3030231201
In base 6, what is -23 + -41133021?
-41133044
In base 8, what is -4 + -20634707?
-20634713
In base 16, what is -23ecfc2 + -5?
-23ecfc7
In base 16, what is -15e + -349f?
-35fd
In base 8, what is 60 - 2055537?
-2055457
In base 7, what is 10003 - -314?
10320
In base 6, what is -1422155 - -4141?
-1414014
In base 11, what is 3383 - -523?
38a6
In base 11, what is -26217 - 266?
-26482
In base 16, what is 3c8 + -29dc?
-2614
In base 16, what is -293d - 4fe?
-2e3b
In base 12, what is -42 + 151733?
1516b1
In base 11, what is 2 - -1983908?
198390a
In base 15, what is -10c + -9ce1?
-9ded
In base 12, what is 6 + 625398?
6253a2
In base 5, what is -1230324 - 323101?
-2103430
In base 14, what is 4b6 + 4c5?
99b
In base 3, what is 2220201 - 2021211022?
-2011220121
In base 2, what is -1000 - -100111010101111111111110?
100111010101111111110110
In base 3, what is -200 - 1110010111001?
-1110010111201
In base 10, what is -1954 - 2076?
-4030
In base 8, what is -1 - 120740766?
-120740767
In base 5, what is 1110 + 10433102?
10434212
In base 15, what is 1e6c6 - c5?
1e601
In base 3, what is 11202201100001221 + -11?
11202201100001210
In base 11, what is 5a0180 + -2?
5a0179
In base 2, what is -101011101001110110110100 - -1?
-101011101001110110110011
In base 3, what is -21 + 220202202110112?
220202202110021
In base 14, what is -3c696a8 + 3?
-3c696a5
In base 8, what is 3 - -7757120?
7757123
In base 16, what is -f1 - -4ee1?
4df0
In base 10, what is -538 - 78050?
-78588
In base 5, what is 43 + 2033130?
2033223
In base 11, what is -2060a744 + -27?
-2060a770
In base 8, what is 14 - -3274642?
3274656
In base 3, what is 222210011100 + -20101?
222202220222
In base 9, what is 847 - 35642?
-34684
In base 12, what is 36984b4 + -1?
36984b3
In base 2, what is 0 - 1010101101000111001101?
-1010101101000111001101
In base 7, what is -413 + 6356553?
6356140
In base 12, what is -3a98013 - -3?
-3a98010
In base 9, what is 77084 + -470?
76514
In base 5, what is -2303112102 + 1?
-2303112101
In base 7, what is -23235 - -46?
-23156
In base 5, what is -11340 + -11322240?
-11334130
In base 10, what is -331971 - 265?
-332236
In base 13, what is -6c - -50477?
50408
In base 6, what is 145551133 - -13?
145551150
In base 16, what is -22 + 1686ab?
168689
In base 16, what is bc1 + 26fc9?
27b8a
In base 9, what is -1853374003 + -1?
-1853374004
In base 11, what is 1216 - -198606?
199821
In base 13, what is 11c + 1460a9?
1461c8
In base 8, what is 1310612 + 14?
1310626
In base 9, what is -7 + -28265701?
-28265708
In base 6, what is -10442 + 433155?
422313
In base 10, what is -16435741 + 3?
-16435738
In base 10, what is -11475 + 13?
-11462
In base 15, what is 6ced22d - 3?
6ced22a
In base 3, what is -1112021010 - 10221220?
-1200020000
In base 12, what is 4 + 420b305?
420b309
In base 13, what is -11c9a8 + 18?
-11c990
In base 10, what is -43174 - -35?
-43139
In base 10, what is -22686697 - 5?
-22686702
In base 10, what is 5 - -129650232?
129650237
In base 10, what is -2 - -37311926?
37311924
In base 6, what is -133020 + 4234?
-124342
In base 11, what is -10133 + 54?
-1008a
In base 6, what is -4 - -11204415425?
11204415421
In base 6, what is -20211353413 - 4?
-20211353421
In base 13, what is 1907838 - 2?
1907836
In base 9, what is -64027 - -2607?
-61320
In base 16, what is 1 - -e6b489b?
e6b489c
In base 14, what is c114b + -35a?
c0bd1
In base 14, what is -3322624 + 12?
-3322612
In base 4, what is 31321100113 - -11?
31321100130
In base 9, what is 3860 - -6040?
11010
In base 5, what is 30201133 + 2320?
30204003
In base 8, what is 56714 + 6?
56722
In base 3, what is -2122210 + -21121021200?
-21200221110
In base 2, what is -10001100 + 110100010011110?
110100000010010
In base 10, what is -373939 - 6?
-373945
In base 11, what is 35 - 194601?
-194577
In base 5, what is 200034 + 13102?
213141
In base 16, what is -a0 - -91215?
91175
In base 7, what is -301313 - -20505?
-250505
In base 10, what is -17 - -4763?
4746
In base 11, what is 5745 - -2545?
818a
In base 13, what is -1809 - 9777?
-b283
In base 11, what is 77 - -8a997?
8aa63
In base 9, what is -283 - -178558?
178265
In base 9, what is 1522 - -182171?
183703
In base 5, what is 10131131 - 134?
10130442
In base 15, what is -3 + -324071?
-324074
In base 9, what is -2644834 + 1845?
-2642878
In base 13, what is 6a20cc + -27?
6a20a5
In base 8, what is 2 + 4101456?
4101460
In base 10, what is 31188 + -675?
30513
In base 4, what is -33021011230 + 203?
-33021011021
In base 14, what is 28c6b88 + -2?
28c6b86
In base 10, what is 40245 + -1024?
39221
In base 13, what is a + 203254?
203261
In base 4, what is -10 + -303333233220?
-303333233230
In base 6, what is -5 - -143204211?
143204202
In base 5, what is -101012 - 1314?
-102331
In base 5, what is 1012 - -1001044140?
1001100202
In base 16, what is -263 - 5603f?
-562a2
In base 8, what is 535732 + 5?
535737
In base 10, what is -3230 - -9772?
6542
In base 6, what is 1 - 245543345?
-245543344
In base 11, what is -335931 + 139?
-3357a3
In base 6, what is 332 + -405543?
-405211
In base 6, what is 23244352 - -3324?
23252120
In base 11, what is -3aa44 - 164?
-400a8
In base 6, what is -11453242 + -10?
-11453252
In base 9, what is -5 - -2641564?
2641558
In base 5, what is -13200014 - 1301?
-13201320
In base 12, what is b523989 - -3?
b523990
In base 3, what is 11121121011210221 - -2?
11121121011211000
In base 4, what is 223000033033221 + 10?
223000033033231
In base 8, what is 41536055 + -1?
41536054
In base 15, what is 51b514 + 13c?
51b651
In base 3, what is 21 + -122120210201201?
-122120210201110
In base 15, what is -28c86 + 13d?
-28b48
In base 16, what is 3cc74 + 3e8?
3d05c
In base 9, what is 6148 + -5486?
552
In base 3, what is -1200011022 + 1021?
-1200010001
In base 6, what is 33530251510 + 1?
33530251511
In base 2, what is 110011111100111010 - 101010?
110011111100010000
In base 11, what is 4 - 1469237a?
-14692376
In base 7, what is -140 + -152050055?
-152050225
In base 3, what is 1020002101121 + -100?
1020002101021
In base 5, what is 21 - -20341222?
20341243
In base 14, what is -b3 - 26654?
-26727
In base 5, what is 1 + 32203201224?
32203201230
In base 12, what is -18928 - 323?
-1904b
In base 5, what is 343031424 + -20?
343031404
In base 16, what is 26e6 - 460?
2286
In base 15, what is 2db0cc - -6?
2db0d3
In base 4, what is -10112103303 - 20?
-10112103323
In base 13, what is -3 - -c34976?
c34973
In base 15, what is 3c14e22 - 2?
3c14e20
In base 13, what is -158a + 28729?
2716c
In base 12, what is 23 + -7b0613?
-7b05b0
In base 11, what is 19aa4627 + 1?
19aa4628
In base 9, what is -6066 - 850?
-7026
In base 6, what is -504220 - -5322?
-454454
In base 12, what is -79b - 24aa?
-3089
In base 5, what is 4033204312 + -4?
4033204303
In base 7, what is -15622 + -1423?
-20345
In base 9, what is 333424 + -5024?
327400
In base 9, what is 13338 + -2475?
10753
In base 7, what is -205 + 4351?
4143
In base 11, what is 11719 + -3114a?
-1a531
In base 9, what is -2 - 1122554?
-1122556
In base 9, what is 41115171 - 4?
41115166
In base 8, what is 736141376 - 5?
736141371
In base 16, what is -a3 - 1f32?
-1fd5
In base 16, what is -357bf + c?
-357b3
In base 3, what is -120122 + -201121201?
-202012100
In base 9, what is 10778145 - 5?
10778140
In base 6, what is 52 + 1105112545?
1105113041
In base 7, what is -5413 + 516303?
510560
In base 4, what is 11102211 - -10021330?
21130201
In base 8, what is -10662327 + 3?
-10662324
In base 14, what is -1b3 - 2645?
-2818
In base 14, what is -5 + -9345?
-934a
In base 13, what is 507 - 2b36?
-262c
In base 9, what is 1547 + -13154?
-11506
In base 10, what is -282720980 + 1?
-282720979
In base 12, what is -28 - 1316341?
-1316369
In base 12, what is 4 - 3120762?
-312075a
In base 9, what is -56350 - -78?
-56261
In base 9, what is 3 + 17874127?
17874131
In base 5, what is 3 - -21213300120?
21213300123
In ba